{"id":91,"date":"2025-07-19T21:37:50","date_gmt":"2025-07-19T21:37:50","guid":{"rendered":"https:\/\/benselme.net\/?page_id=91"},"modified":"2025-07-19T21:37:50","modified_gmt":"2025-07-19T21:37:50","slug":"a-propos","status":"publish","type":"page","link":"https:\/\/benselme.net\/index.php\/a-propos\/","title":{"rendered":"\u00c0 propos"},"content":{"rendered":"\n<p>Je travaille depuis plusieurs ann\u00e9es sur un projet de livre qui va tenter d&rsquo;expliquer pourquoi et comment la politique et les m\u00e9dias ont pris un tournant dit \u00ab identitaire \u00bb au Qu\u00e9bec, c&rsquo;est-\u00e0-dire pourquoi et comment des th\u00e8mes appartenant traditionnellement \u00e0 l&rsquo;extr\u00eame droite sont devenus des expressions banales du nationalisme qu\u00e9b\u00e9cois. Les id\u00e9es racistes envers des personnes consid\u00e9r\u00e9es comme immigrantes ou en tout cas \u00ab moins qu\u00e9b\u00e9coises que les autres \u00bb, et en particulier envers les musulman\u00b7e\u00b7s sont devenues monnaie courante en politique suite \u00e0 la \u00ab crise des accommodements raisonnables \u00bb, jusqu&rsquo;\u00e0 devenir loi en 2019 avec l&rsquo;adoption de la Loi sur la la\u00efcit\u00e9 de l&rsquo;\u00c9tat (loi 21). Ce tournant est commun\u00e9ment constat\u00e9 mais rarement expliqu\u00e9 autrement que de fa\u00e7on simpliste: on dira que par exemple c&rsquo;est la faute \u00e0 Qu\u00e9becor ou encore que c&rsquo;est la faute du peuple en g\u00e9n\u00e9ral. Je crois au contraire que ce basculement est le r\u00e9sultat d&rsquo;une multitude de facteurs, de processus, et d&rsquo;enjeux de pouvoir: \u00e9chec du souverainisme apr\u00e8s la d\u00e9faite du oui en 1995, adoption unanime du n\u00e9olib\u00e9ralisme et recul de la social-d\u00e9mocratie, concentration des m\u00e9dias, et bien s\u00fbr l&rsquo;imp\u00e9rialisme tel qu&rsquo;il se d\u00e9veloppe apr\u00e8s la chute du bloc sovi\u00e9tique et en particulier dans le monde post-11 septembre 2001.<\/p>\n\n\n\n<p>Ce blogue comprend des articles, des billets et archive des fils publi\u00e9s sur les r\u00e9seaux sociaux qui reprennent ces id\u00e9es pour donner un autre \u00e9clairage sur des actualit\u00e9s politiques ou m\u00e9diatiques qui touchent \u00e0 ces th\u00e8mes. <\/p>\n","protected":false},"excerpt":{"rendered":"<p>Je travaille depuis plusieurs ann\u00e9es sur un projet de livre qui va tenter d&rsquo;expliquer pourquoi et comment la politique et les m\u00e9dias ont pris un tournant dit \u00ab identitaire \u00bb au Qu\u00e9bec, c&rsquo;est-\u00e0-dire pourquoi et comment des th\u00e8mes appartenant traditionnellement \u00e0 l&rsquo;extr\u00eame droite sont devenus des expressions banales du nationalisme qu\u00e9b\u00e9cois. Les id\u00e9es racistes envers [&hellip;]<\/p>\n","protected":false},"author":1,"featured_media":0,"parent":0,"menu_order":0,"comment_status":"closed","ping_status":"closed","template":"","meta":{"footnotes":""},"class_list":["post-91","page","type-page","status-publish","hentry"],"_links":{"self":[{"href":"https:\/\/benselme.net\/index.php\/wp-json\/wp\/v2\/pages\/91","targetHints":{"allow":["GET"]}}],"collection":[{"href":"https:\/\/benselme.net\/index.php\/wp-json\/wp\/v2\/pages"}],"about":[{"href":"https:\/\/benselme.net\/index.php\/wp-json\/wp\/v2\/types\/page"}],"author":[{"embeddable":true,"href":"https:\/\/benselme.net\/index.php\/wp-json\/wp\/v2\/users\/1"}],"replies":[{"embeddable":true,"href":"https:\/\/benselme.net\/index.php\/wp-json\/wp\/v2\/comments?post=91"}],"version-history":[{"count":1,"href":"https:\/\/benselme.net\/index.php\/wp-json\/wp\/v2\/pages\/91\/revisions"}],"predecessor-version":[{"id":93,"href":"https:\/\/benselme.net\/index.php\/wp-json\/wp\/v2\/pages\/91\/revisions\/93"}],"wp:attachment":[{"href":"https:\/\/benselme.net\/index.php\/wp-json\/wp\/v2\/media?parent=91"}],"curies":[{"name":"wp","href":"https:\/\/api.w.org\/{rel}","templated":true}]}}

À propos

<p>Je travaille depuis plusieurs années sur un projet de livre qui va tenter d&rsquo;expliquer pourquoi et comment la politique et les médias ont pris un tournant dit « identitaire » au Québec, c&rsquo;est-à-dire pourquoi et comment des thèmes appartenant traditionnellement à l&rsquo;extrême droite sont devenus des expressions banales du nationalisme québécois. Les idées racistes envers des personnes considérées comme immigrantes ou en tout cas « moins québécoises que les autres », et en particulier envers les musulman·e·s sont devenues monnaie courante en politique suite à la « crise des accommodements raisonnables », jusqu&rsquo;à devenir loi en 2019 avec l&rsquo;adoption de la Loi sur la laïcité de l&rsquo;État (loi 21). Ce tournant est communément constaté mais rarement expliqué autrement que de façon simpliste: on dira que par exemple c&rsquo;est la faute à Québecor ou encore que c&rsquo;est la faute du peuple en général. Je crois au contraire que ce basculement est le résultat d&rsquo;une multitude de facteurs, de processus, et d&rsquo;enjeux de pouvoir: échec du souverainisme après la défaite du oui en 1995, adoption unanime du néolibéralisme et recul de la social-démocratie, concentration des médias, et bien sûr l&rsquo;impérialisme tel qu&rsquo;il se développe après la chute du bloc soviétique et en particulier dans le monde post-11 septembre 2001.</p>



<p>Ce blogue comprend des articles, des billets et archive des fils publiés sur les réseaux sociaux qui reprennent ces idées pour donner un autre éclairage sur des actualités politiques ou médiatiques qui touchent à ces thèmes. </p>

<p>Je travaille depuis plusieurs années sur un projet de livre qui va tenter d&rsquo;expliquer pourquoi et comment la politique et les médias ont pris un tournant dit « identitaire » au Québec, c&rsquo;est-à-dire pourquoi et comment des thèmes appartenant traditionnellement à l&rsquo;extrême droite sont devenus des expressions banales du nationalisme québécois. Les idées racistes envers [&hellip;]</p>
